Calculate the highest common divisor of 35842 and 10.
2
Calculate the highest common divisor of 629024214 and 246.
246
Calculate the highest common divisor of 1520 and 6308570.
190
What is the highest common factor of 4458256 and 87791?
3817
Calculate the greatest common factor of 11231 and 14520.
11
What is the highest common factor of 2990 and 2100475?
1495
What is the greatest common divisor of 8785720 and 30615?
785
What is the highest common divisor of 1232897299 and 28114?
14057
Calculate the highest common factor of 105 and 67272585.
15
What is the highest common divisor of 12 and 2987448?
12
What is the highest common divisor of 633011843 and 724?
181
What is the highest common factor of 29078 and 466211728?
4154
What is the greatest common factor of 14413598 and 28358?
2578
What is the greatest common factor of 205299360 and 3780?
3780
Calculate the highest common factor of 35380 and 115046.
122
Calculate the greatest common divisor of 512 and 2723640.
8
Calculate the highest common divisor of 141086 and 27126.
22
What is the greatest common factor of 81 and 23341455?
9
Calculate the highest common factor of 215590 and 41230.
10
What is the greatest common factor of 1601587 and 6851?
221
Calculate the greatest common divisor of 3187 and 104386998.
3187
What is the greatest common divisor of 4708 and 37791972?
428
Calculate the greatest common divisor of 162490008 and 22512.
1608
What is the highest common divisor of 549950 and 68582?
1294
Calculate the greatest common factor of 4712 and 1399217.
19
What is the greatest common factor of 202 and 8516421?
101
Calculate the highest common divisor of 23014703 and 2701.
37
Calculate the highest common divisor of 2364 and 105759647.
197
Calculate the greatest common divisor of 1989 and 890910.
9
Calculate the greatest common factor of 207888 and 2324256.
3408
What is the highest common factor of 226519126 and 5708?
2854
Calculate the greatest common factor of 12 and 484125792.
12
Calculate the highest common divisor of 386608 and 526952.
2648
Calculate the greatest common divisor of 15 and 6087.
3
Calculate the greatest common divisor of 14186410 and 290.
10
What is the highest common factor of 61222 and 9590?
14
What is the highest common factor of 25632 and 331497?
9
Calculate the greatest common factor of 582 and 3552722.
194
What is the highest common factor of 1115980177 and 61?
61
Calculate the highest common divisor of 1 and 443489.
1
What is the greatest common divisor of 108680 and 4708?
44
Calculate the highest common divisor of 2147622 and 243.
3
What is the greatest common divisor of 179692461 and 1339?
1339
What is the highest common factor of 4779975 and 2282?
163
What is the highest common factor of 3540 and 61147836?
708
Calculate the greatest common divisor of 46548 and 1522152.
108
Calculate the greatest common divisor of 21 and 27996549.
21
Calculate the greatest common divisor of 463193 and 26109.
967
What is the greatest common divisor of 6246064 and 368?
368
What is the greatest common factor of 4260 and 37350615?
1065
Calculate the greatest common divisor of 432 and 76434348.
12
Calculate the highest common divisor of 6944 and 72478.
434
Calculate the greatest common factor of 22858 and 15967352.
2078
Calculate the highest common factor of 28440 and 5975955.
3555
Calculate the greatest common divisor of 361 and 2972245487.
361
What is the greatest common divisor of 16583 and 1207675?
721
What is the highest common factor of 941220 and 117362?
1162
What is the highest common factor of 192339 and 137?
1
What is the greatest common divisor of 27326 and 2416807081?
13663
What is the highest common divisor of 8503 and 653958?
773
Calculate the greatest common divisor of 36450 and 1700775.
225
What is the highest common factor of 206684 and 52?
4
Calculate the highest common divisor of 3218008 and 6888.
328
Calculate the highest common divisor of 1953 and 1691081.
217
Calculate the greatest common divisor of 4964 and 35314772.
292
Calculate the highest common divisor of 22945 and 3161115.
1765
What is the greatest common divisor of 33738846 and 153?
51
What is the greatest common factor of 3464 and 3670108?
1732
Calculate the greatest common divisor of 5792 and 458000.
16
What is the highest common divisor of 744 and 647652?
372
Calculate the highest common factor of 25652462 and 154.
22
What is the highest common divisor of 2563 and 535490153?
2563
Calculate the highest common factor of 5225409 and 10045.
2009
What is the greatest common divisor of 4975 and 119914813?
199
What is the greatest common divisor of 42042 and 1001462?
1078
What is the highest common divisor of 15774437 and 49?
7
Calculate the greatest common divisor of 591384 and 127059.
123
Calculate the greatest common factor of 27538 and 34704062.
562
What is the greatest common divisor of 1300 and 1020494150?
650
Calculate the highest common factor of 1128 and 49270758.
282
Calculate the greatest common divisor of 85 and 170855.
5
What is the highest common factor of 937710 and 17280?
270
What is the highest common divisor of 340560 and 588720?
2640
Calculate the highest common divisor of 100 and 20000800.
100
Calculate the greatest common factor of 45487200 and 2112.
1056
What is the highest common divisor of 217 and 3545717?
7
Calculate the highest common divisor of 1061080746 and 37.
37
What is the highest common divisor of 13762176 and 5248?
128
Calculate the highest common divisor of 1016912 and 6032.
208
What is the greatest common divisor of 11309 and 112144?
43
Calculate the greatest common factor of 786 and 31993737.
393
Calculate the greatest common divisor of 272894982 and 102.
102
What is the highest common factor of 1337 and 838681?
191
What is the greatest common factor of 86 and 4255148?
2
What is the highest common divisor of 8487 and 36448836?
2829
Calculate the greatest common divisor of 3955320 and 12.
12
Calculate the greatest common factor of 2812 and 2630588.
76
What is the greatest common factor of 5132754 and 189486?
594
Calculate the highest common factor of 4290 and 931205.
55
What is the greatest common factor of 816 and 7227176?
136
Calculate the highest common divisor of 3985 and 5236469325.
3985
Calculate the greatest common factor of 1310080 and 5760.
640
Calculate the highest common factor of 421250373 and 134.
67
Calculate the highest common divisor of 37 and 30475087.
37
Calculate the highest common factor of 28333465 and 2090.
95
What is the greatest common divisor of 24905 and 2155?
5
What is the highest common divisor of 3501 and 3348512?
389
Calculate the highest common divisor of 46 and 73712539.
23
What is the greatest common divisor of 658680 and 9280?
40
Calculate the greatest common factor of 236 and 9384616.
4
Calculate the highest common factor of 6356176 and 40.
8
Calculate the highest common divisor of 59 and 3274.
1
Calculate the highest common factor of 83479 and 11.
11
Calculate the highest common divisor of 2581206 and 30793.
53
What is the highest common factor of 31030784 and 512?
512
Calculate the highest common factor of 6772139 and 136219.
761
What is the highest common factor of 282762 and 1334?
46
Calculate the highest common factor of 470022 and 26908.
434
What is the highest common factor of 2270 and 25072150?
2270
What is the greatest common factor of 384 and 72746112?
384
Calculate the greatest common factor of 50474340 and 7140.
420
Calculate the highest common divisor of 10467076 and 3563.
509
What is the greatest common factor of 15416 and 14846756?
164
Calculate the greatest common divisor of 240 and 170112560.
80
What is the greatest common divisor of 1600 and 110875?
25
Calculate the greatest common divisor of 3105 and 50052.
3
Calculate the highest common divisor of 955123556 and 21992.
10996
Calculate the highest common divisor of 111390912 and 1152.
576
Calculate the greatest common factor of 73000 and 41245.
365
What is the highest common divisor of 85 and 2639114?
17
Calculate the greatest common divisor of 50904 and 1397739.
2121
What is the highest common divisor of 2352094 and 10266?
118
What is the highest common divisor of 84862007 and 2545?
509
What is the greatest common factor of 15674 and 9197872?
922
What is the greatest c